{"id":17972,"date":"2022-03-20T01:30:38","date_gmt":"2022-03-20T01:30:38","guid":{"rendered":"https:\/\/dreamstyle.cl\/surfshop\/?post_type=product&#038;p=17972"},"modified":"2022-05-02T04:22:42","modified_gmt":"2022-05-02T04:22:42","slug":"tabla-mini-logo-obra-maestra-17","status":"publish","type":"product","link":"https:\/\/dreamstyle.cl\/surfshop\/producto\/tabla-mini-logo-obra-maestra-17\/","title":{"rendered":"Tabla Mini Logo OBRA MAESTRA \u00ab17\u00bb"},"content":{"rendered":"<h2>Tablas Mini Logo \u2122<\/h2>\n<div class=\"std\">\n<p>Hecho a mano con los mejores materiales, Mini Logo \u2122 es el l\u00edder de la industria de Tablas de Skatenoarding de precio de alto rendimiento. Garantizado contra la delaminaci\u00f3n durante la vida \u00fatil de la plataforma y administrado en nuestra sede de Santa B\u00e1rbara, Mini Logo \u2122 utiliza 35 a\u00f1os de experiencia en la construcci\u00f3n de plataformas para ofrecer los mejores tama\u00f1os, formas y pop a un precio asequible.<\/p>\n<ul>\n<li>Siete capas de arce duro como una roca<\/li>\n<li>Laminado con las prensas AirLam de bajo estr\u00e9s patentadas de Skate One<\/li>\n<li>Construcci\u00f3n Powell Peralta probada y c\u00f3ncava<\/li>\n<li>Garant\u00eda de por vida contra defectos de fabricaci\u00f3n<\/li>\n<\/ul>\n<\/div>\n<h2><\/h2>\n","protected":false},"excerpt":{"rendered":"<h2>Especificaciones<\/h2>\n<table id=\"product-attribute-specs-table\" class=\"data-table\">\n<colgroup>\n<col \/>\n<col \/><\/colgroup>\n<tbody>\n<tr class=\"first odd\">\n<th class=\"label\">SKU<\/th>\n<td class=\"data last\">DCMMML2422017MPL<\/td>\n<\/tr>\n<tr class=\"even\">\n<th class=\"label\">UPC<\/th>\n<td class=\"data last\">842357156289<\/td>\n<\/tr>\n<tr class=\"odd\">\n<th class=\"label\">Marca<\/th>\n<td class=\"data last\">Mini logotipo<\/td>\n<\/tr>\n<tr class=\"even\">\n<th class=\"label\">Forma de la plataforma<\/th>\n<td class=\"data last\">242<\/td>\n<\/tr>\n<tr class=\"odd\">\n<th class=\"label\">Cubierta c\u00f3ncava<\/th>\n<td class=\"data last\">K20<\/td>\n<\/tr>\n<tr class=\"even\">\n<th class=\"label\">Distancia entre ejes de la cubierta<\/th>\n<td class=\"data last\">14 \u00ab<\/td>\n<\/tr>\n<tr class=\"odd\">\n<th class=\"label\">Longitud de la plataforma<\/th>\n<td class=\"data last\">31,45 \u00ab<\/td>\n<\/tr>\n<tr class=\"even\">\n<th class=\"label\">Ancho de la plataforma<\/th>\n<td class=\"data last\">8 \u00ab<\/td>\n<\/tr>\n<tr class=\"odd\">\n<th class=\"label\">Nariz de cubierta<\/th>\n<td class=\"data last\">6,75 \u00ab<\/td>\n<\/tr>\n<tr class=\"last even\">\n<th class=\"label\">Cola de cubierta<\/th>\n<td class=\"data last\">6.5<\/td>\n<\/tr>\n<\/tbody>\n<\/table>\n","protected":false},"featured_media":17995,"comment_status":"closed","ping_status":"closed","template":"","meta":{"site-sidebar-layout":"default","site-content-layout":"default","ast-site-content-layout":"default","site-content-style":"default","site-sidebar-style":"default","ast-global-header-display":"","ast-banner-title-visibility":"","ast-main-header-display":"","ast-hfb-above-header-display":"","ast-hfb-below-header-display":"","ast-hfb-mobile-header-display":"","site-post-title":"","ast-breadcrumbs-content":"","ast-featured-img":"","footer-sml-layout":"","ast-disable-related-posts":"","theme-transparent-header-meta":"default","adv-header-id-meta":"","stick-header-meta":"default","header-above-stick-meta":"","header-main-stick-meta":"","header-below-stick-meta":"","astra-migrate-meta-layouts":"default","ast-page-background-enabled":"default","ast-page-background-meta":{"desktop":{"background-color":"var(--ast-global-color-4)","background-image":"","background-repeat":"repeat","background-position":"center center","background-size":"auto","background-attachment":"scroll","background-type":"","background-media":"","overlay-type":"","overlay-color":"","overlay-opacity":"","overlay-gradient":""},"tablet":{"background-color":"","background-image":"","background-repeat":"repeat","background-position":"center center","background-size":"auto","background-attachment":"scroll","background-type":"","background-media":"","overlay-type":"","overlay-color":"","overlay-opacity":"","overlay-gradient":""},"mobile":{"background-color":"","background-image":"","background-repeat":"repeat","background-position":"center center","background-size":"auto","background-attachment":"scroll","background-type":"","background-media":"","overlay-type":"","overlay-color":"","overlay-opacity":"","overlay-gradient":""}},"ast-content-background-meta":{"desktop":{"background-color":"var(--ast-global-color-5)","background-image":"","background-repeat":"repeat","background-position":"center center","background-size":"auto","background-attachment":"scroll","background-type":"","background-media":"","overlay-type":"","overlay-color":"","overlay-opacity":"","overlay-gradient":""},"tablet":{"background-color":"var(--ast-global-color-5)","background-image":"","background-repeat":"repeat","background-position":"center center","background-size":"auto","background-attachment":"scroll","background-type":"","background-media":"","overlay-type":"","overlay-color":"","overlay-opacity":"","overlay-gradient":""},"mobile":{"background-color":"var(--ast-global-color-5)","background-image":"","background-repeat":"repeat","background-position":"center center","background-size":"auto","background-attachment":"scroll","background-type":"","background-media":"","overlay-type":"","overlay-color":"","overlay-opacity":"","overlay-gradient":""}},"_joinchat":[]},"pwb-brand":[314],"product_brand":[],"product_cat":[213,311],"product_tag":[236],"class_list":{"0":"post-17972","1":"product","2":"type-product","3":"status-publish","4":"has-post-thumbnail","6":"pwb-brand-mini-logo","7":"product_cat-skateboarding","8":"product_cat-tablas","9":"product_tag-tablas-skate","10":"desktop-align-left","11":"tablet-align-left","12":"mobile-align-left","13":"ast-product-gallery-layout-horizontal","14":"ast-product-gallery-with-no-image","15":"ast-product-tabs-layout-horizontal","17":"first","18":"instock","19":"shipping-taxable","20":"purchasable","21":"product-type-simple"},"brands":[{"id":314,"name":"Mini Logo \u2122","slug":"mini-logo"}],"_links":{"self":[{"href":"https:\/\/dreamstyle.cl\/surfshop\/wp-json\/wp\/v2\/product\/17972","targetHints":{"allow":["GET"]}}],"collection":[{"href":"https:\/\/dreamstyle.cl\/surfshop\/wp-json\/wp\/v2\/product"}],"about":[{"href":"https:\/\/dreamstyle.cl\/surfshop\/wp-json\/wp\/v2\/types\/product"}],"replies":[{"embeddable":true,"href":"https:\/\/dreamstyle.cl\/surfshop\/wp-json\/wp\/v2\/comments?post=17972"}],"wp:featuredmedia":[{"embeddable":true,"href":"https:\/\/dreamstyle.cl\/surfshop\/wp-json\/wp\/v2\/media\/17995"}],"wp:attachment":[{"href":"https:\/\/dreamstyle.cl\/surfshop\/wp-json\/wp\/v2\/media?parent=17972"}],"wp:term":[{"taxonomy":"pwb-brand","embeddable":true,"href":"https:\/\/dreamstyle.cl\/surfshop\/wp-json\/wp\/v2\/pwb-brand?post=17972"},{"taxonomy":"product_brand","embeddable":true,"href":"https:\/\/dreamstyle.cl\/surfshop\/wp-json\/wp\/v2\/product_brand?post=17972"},{"taxonomy":"product_cat","embeddable":true,"href":"https:\/\/dreamstyle.cl\/surfshop\/wp-json\/wp\/v2\/product_cat?post=17972"},{"taxonomy":"product_tag","embeddable":true,"href":"https:\/\/dreamstyle.cl\/surfshop\/wp-json\/wp\/v2\/product_tag?post=17972"}],"curies":[{"name":"wp","href":"https:\/\/api.w.org\/{rel}","templated":true}]}}