{"id":18741,"date":"2024-10-08T19:27:54","date_gmt":"2024-10-08T19:27:54","guid":{"rendered":"https:\/\/dreamstyle.cl\/surfshop\/?post_type=product&#038;p=18741"},"modified":"2024-10-08T19:30:20","modified_gmt":"2024-10-08T19:30:20","slug":"monkeywrench","status":"publish","type":"product","link":"https:\/\/dreamstyle.cl\/surfshop\/producto\/monkeywrench\/","title":{"rendered":"MonkeywRench"},"content":{"rendered":"<p><span class=\"C9DxTc \"><span style=\"vertical-align: inherit;\"><span style=\"vertical-align: inherit;\">La\u00a0 <\/span><\/span><\/span><span class=\"C9DxTc \"><span style=\"vertical-align: inherit;\"><span style=\"vertical-align: inherit;\">MONKEYWRENCH <\/span><\/span><\/span><span class=\"C9DxTc \"><span style=\"vertical-align: inherit;\"><span style=\"vertical-align: inherit;\">\u00a0es una tabla h\u00edbrida derivada de longitud corta o media que se puede pedir en casi cualquier longitud, desde\u00a0 <\/span><\/span><\/span><span class=\"C9DxTc \"><span style=\"vertical-align: inherit;\"><span style=\"vertical-align: inherit;\">5 <\/span><\/span><\/span><span class=\"C9DxTc \"><span style=\"vertical-align: inherit;\"><span style=\"vertical-align: inherit;\">&#8216; a\u00a0 <\/span><\/span><\/span><span class=\"C9DxTc \"><span style=\"vertical-align: inherit;\"><span style=\"vertical-align: inherit;\">8 <\/span><\/span><\/span><span class=\"C9DxTc \"><span style=\"vertical-align: inherit;\"><span style=\"vertical-align: inherit;\">&#8216; 6&#8243;. Es una verdadera Paddle-Hound como la Undercover. Es una tabla corta a media de alto rendimiento que se puede pedir en cualquier lugar, desde una tabla corta de todos los d\u00edas, as\u00ed como un paso m\u00e1s arriba para olas m\u00e1s grandes. La\u00a0 <\/span><\/span><\/span><span class=\"C9DxTc \"><span style=\"vertical-align: inherit;\"><span style=\"vertical-align: inherit;\">MW <\/span><\/span><\/span><span class=\"C9DxTc \"><span style=\"vertical-align: inherit;\"><span style=\"vertical-align: inherit;\">\u00a0est\u00e1 hecha para surf de alto rendimiento, pero tiene una superficie adicional en la punta para una mayor remada. Esta tabla permitir\u00e1 a los surfistas de alto rendimiento hacer ca\u00eddas tard\u00edas y despegar tarde en olas m\u00e1s empinadas de consecuencia. Esta tabla se puede hacer y funcionar\u00e1 bien con un c\u00f3ncavo completo o un c\u00f3ncavo triple. Las colas preferidas para esta tabla son pin redondo, cola redonda o un squash m\u00e1s peque\u00f1o. Se recomienda obtenerla en una configuraci\u00f3n TWIN FIN <\/span><\/span><\/span><span class=\"C9DxTc \"><span style=\"vertical-align: inherit;\"><span style=\"vertical-align: inherit;\">, de 3 o 5 quillas <\/span><\/span><\/span><span class=\"C9DxTc \"><span style=\"vertical-align: inherit;\"><span style=\"vertical-align: inherit;\">para que se pueda usar\u00a0 <\/span><\/span><\/span><span class=\"C9DxTc \"><span style=\"vertical-align: inherit;\"><span style=\"vertical-align: inherit;\">en muchas variaciones diferentes <\/span><\/span><\/span><span class=\"C9DxTc \"><span style=\"vertical-align: inherit;\"><span style=\"vertical-align: inherit;\">.<\/span><\/span><\/span><\/p>\n","protected":false},"excerpt":{"rendered":"<ul class=\"n8H08c UVNKR \">\n<li class=\"zfr3Q TYR86d eD0Rn \" dir=\"ltr\">\n<p class=\"zfr3Q CDt4Ke \" dir=\"ltr\" role=\"presentation\"><span class=\"C9DxTc \">SURFER: Beginner \/ Intermediate \/ Advanced<\/span><\/p>\n<\/li>\n<li class=\"zfr3Q TYR86d eD0Rn \" dir=\"ltr\">\n<p class=\"zfr3Q CDt4Ke \" dir=\"ltr\" role=\"presentation\"><span class=\"C9DxTc \">WAVE: 2ft to Double Overhead Reef and Point Break<\/span><\/p>\n<\/li>\n<li class=\"zfr3Q TYR86d eD0Rn \" dir=\"ltr\">\n<p class=\"zfr3Q CDt4Ke \" dir=\"ltr\" role=\"presentation\"><span class=\"C9DxTc \">BOTTOM:\u00a0<\/span><span class=\"C9DxTc \">Flat from Nose running to Slight V towards Tail section.<\/span><\/p>\n<\/li>\n<li class=\"zfr3Q TYR86d eD0Rn \" dir=\"ltr\">\n<p class=\"zfr3Q CDt4Ke \" dir=\"ltr\" role=\"presentation\"><span class=\"C9DxTc \">ROCKER: Moderate w\/slight flip in nose and tail<\/span><\/p>\n<\/li>\n<li class=\"zfr3Q TYR86d eD0Rn \" dir=\"ltr\">\n<p class=\"zfr3Q CDt4Ke \" dir=\"ltr\" role=\"presentation\"><span class=\"C9DxTc \">FINS:\u00a0<\/span><span class=\"C9DxTc \">3<\/span><span class=\"C9DxTc \">\u00a0Fin Setup (FCS and FUTURES)<\/span><\/p>\n<\/li>\n<li class=\"zfr3Q TYR86d eD0Rn \" dir=\"ltr\">\n<p class=\"zfr3Q CDt4Ke \" dir=\"ltr\" role=\"presentation\"><span class=\"C9DxTc \">TAIL:\u00a0<\/span><span class=\"C9DxTc \">Squash<\/span><\/p>\n<\/li>\n<\/ul>\n","protected":false},"featured_media":18743,"comment_status":"open","ping_status":"closed","template":"","meta":{"site-sidebar-layout":"default","site-content-layout":"","ast-site-content-layout":"default","site-content-style":"default","site-sidebar-style":"default","ast-global-header-display":"","ast-banner-title-visibility":"","ast-main-header-display":"","ast-hfb-above-header-display":"","ast-hfb-below-header-display":"","ast-hfb-mobile-header-display":"","site-post-title":"","ast-breadcrumbs-content":"","ast-featured-img":"","footer-sml-layout":"","ast-disable-related-posts":"","theme-transparent-header-meta":"default","adv-header-id-meta":"","stick-header-meta":"default","header-above-stick-meta":"","header-main-stick-meta":"","header-below-stick-meta":"","astra-migrate-meta-layouts":"set","ast-page-background-enabled":"default","ast-page-background-meta":{"desktop":{"background-color":"var(--ast-global-color-4)","background-image":"","background-repeat":"repeat","background-position":"center center","background-size":"auto","background-attachment":"scroll","background-type":"","background-media":"","overlay-type":"","overlay-color":"","overlay-opacity":"","overlay-gradient":""},"tablet":{"background-color":"","background-image":"","background-repeat":"repeat","background-position":"center center","background-size":"auto","background-attachment":"scroll","background-type":"","background-media":"","overlay-type":"","overlay-color":"","overlay-opacity":"","overlay-gradient":""},"mobile":{"background-color":"","background-image":"","background-repeat":"repeat","background-position":"center center","background-size":"auto","background-attachment":"scroll","background-type":"","background-media":"","overlay-type":"","overlay-color":"","overlay-opacity":"","overlay-gradient":""}},"ast-content-background-meta":{"desktop":{"background-color":"var(--ast-global-color-5)","background-image":"","background-repeat":"repeat","background-position":"center center","background-size":"auto","background-attachment":"scroll","background-type":"","background-media":"","overlay-type":"","overlay-color":"","overlay-opacity":"","overlay-gradient":""},"tablet":{"background-color":"var(--ast-global-color-5)","background-image":"","background-repeat":"repeat","background-position":"center center","background-size":"auto","background-attachment":"scroll","background-type":"","background-media":"","overlay-type":"","overlay-color":"","overlay-opacity":"","overlay-gradient":""},"mobile":{"background-color":"var(--ast-global-color-5)","background-image":"","background-repeat":"repeat","background-position":"center center","background-size":"auto","background-attachment":"scroll","background-type":"","background-media":"","overlay-type":"","overlay-color":"","overlay-opacity":"","overlay-gradient":""}},"_joinchat":[]},"pwb-brand":[334],"product_brand":[],"product_cat":[321,309,229],"product_tag":[227],"class_list":{"0":"post-18741","1":"product","2":"type-product","3":"status-publish","4":"has-post-thumbnail","6":"pwb-brand-marbella","7":"product_cat-surf-boards","8":"product_cat-surf","9":"product_cat-tablas-de-surf","10":"product_tag-surf","11":"desktop-align-left","12":"tablet-align-left","13":"mobile-align-left","14":"ast-product-gallery-layout-horizontal","15":"ast-product-tabs-layout-horizontal","17":"first","18":"instock","19":"shipping-taxable","20":"purchasable","21":"product-type-simple"},"brands":[{"id":334,"name":"Marbella","slug":"marbella"}],"_links":{"self":[{"href":"https:\/\/dreamstyle.cl\/surfshop\/wp-json\/wp\/v2\/product\/18741","targetHints":{"allow":["GET"]}}],"collection":[{"href":"https:\/\/dreamstyle.cl\/surfshop\/wp-json\/wp\/v2\/product"}],"about":[{"href":"https:\/\/dreamstyle.cl\/surfshop\/wp-json\/wp\/v2\/types\/product"}],"replies":[{"embeddable":true,"href":"https:\/\/dreamstyle.cl\/surfshop\/wp-json\/wp\/v2\/comments?post=18741"}],"wp:featuredmedia":[{"embeddable":true,"href":"https:\/\/dreamstyle.cl\/surfshop\/wp-json\/wp\/v2\/media\/18743"}],"wp:attachment":[{"href":"https:\/\/dreamstyle.cl\/surfshop\/wp-json\/wp\/v2\/media?parent=18741"}],"wp:term":[{"taxonomy":"pwb-brand","embeddable":true,"href":"https:\/\/dreamstyle.cl\/surfshop\/wp-json\/wp\/v2\/pwb-brand?post=18741"},{"taxonomy":"product_brand","embeddable":true,"href":"https:\/\/dreamstyle.cl\/surfshop\/wp-json\/wp\/v2\/product_brand?post=18741"},{"taxonomy":"product_cat","embeddable":true,"href":"https:\/\/dreamstyle.cl\/surfshop\/wp-json\/wp\/v2\/product_cat?post=18741"},{"taxonomy":"product_tag","embeddable":true,"href":"https:\/\/dreamstyle.cl\/surfshop\/wp-json\/wp\/v2\/product_tag?post=18741"}],"curies":[{"name":"wp","href":"https:\/\/api.w.org\/{rel}","templated":true}]}}